 base 5?
-31
-5a (base 13) to base 4
-1023
Convert 1 (base 6) to base 2.
1
What is 17 (base 8) in base 3?
120
-101 (base 3) to base 11
-a
-4 (base 11) to base 9
-4
Convert 13 (base 5) to base 15.
8
7 (base 10) to base 11
7
25a (base 12) to base 3
111021
What is 2 (base 4) in base 12?
2
Convert -6d (base 16) to base 14.
-7b
Convert -1010000 (base 2) to base 13.
-62
14 (base 7) to base 2
1011
Convert 1 (base 14) to base 8.
1
Convert 19 (base 12) to base 3.
210
Convert -20 (base 11) to base 6.
-34
What is 7d (base 14) in base 16?
6f
-3 (base 6) to base 4
-3
What is -110 (base 3) in base 13?
-c
Convert 21 (base 4) to base 10.
9
What is -1104 (base 6) in base 15?
-121
Convert 5 (base 10) to base 16.
5
Convert 10 (base 2) to base 13.
2
1 (base 4) to base 11
1
Convert -211 (base 3) to base 8.
-26
-101 (base 2) to base 3
-12
Convert 233 (base 10) to base 5.
1413
-1a (base 16) to base 12
-22
What is 1202 (base 5) in base 11?
151
Convert -55 (base 12) to base 14.
-49
2 (base 4) to base 13
2
Convert -12 (base 7) to base 3.
-100
Convert -10 (base 2) to base 11.
-2
13 (base 5) to base 13
8
-14 (base 9) to base 5
-23
What is 1 (base 11) in base 10?
1
Convert -2 (base 9) to base 11.
-2
What is 1 (base 4) in base 5?
1
1 (base 15) to base 5
1
Convert -11 (base 2) to base 4.
-3
Convert -68 (base 10) to base 11.
-62
What is -b (base 14) in base 13?
-b
Convert -13 (base 13) to base 11.
-15
What is -10 (base 10) in base 12?
-a
Convert -24 (base 14) to base 16.
-20
What is 14 (base 6) in base 7?
13
Convert 10010110 (base 2) to base 13.
b7
-12 (base 6) to base 12
-8
45 (base 11) to base 5
144
3 (base 9) to base 7
3
Convert 6 (base 14) to base 12.
6
What is -5c (base 13) in base 15?
-52
Convert c (base 16) to base 9.
13
Convert 43 (base 5) to base 7.
32
0 (base 3) to base 11
0
-2 (base 13) to base 9
-2
1222 (base 4) to base 15
71
What is 278 (base 10) in base 15?
138
What is 115 (base 8) in base 9?
85
Convert 4 (base 8) to base 4.
10
-4 (base 9) to base 16
-4
12 (base 6) to base 4
20
Convert -114 (base 9) to base 16.
-5e
3 (base 16) to base 4
3
Convert 11 (base 2) to base 14.
3
Convert 220 (base 5) to base 14.
44
Convert 1 (base 14) to base 10.
1
Convert -3 (base 10) to base 6.
-3
What is -44 (base 10) in base 3?
-1122
-3e (base 16) to base 8
-76
What is -10001 (base 2) in base 5?
-32
Convert 127 (base 8) to base 14.
63
What is 53 (base 10) in base 2?
110101
What is 12 (base 6) in base 9?
8
What is -3a (base 15) in base 13?
-43
What is 207 (base 9) in base 14?
c1
Convert 201 (base 10) to base 7.
405
-5 (base 10) to base 8
-5
Convert -112 (base 3) to base 10.
-14
18 (base 11) to base 6
31
What is -1 (base 12) in base 4?
-1
1 (base 14) to base 12
1
What is 1 (base 9) in base 7?
1
1 (base 4) to base 10
1
Convert 2c (base 13) to base 3.
1102
What is -3 (base 9) in base 2?
-11
a (base 16) to base 11
a
What is 135 (base 13) in base 7?
423
Convert 3 (base 10) to base 9.
3
76 (base 9) to base 14
4d
Convert 9 (base 13) to base 15.
9
What is 1 (base 9) in base 15?
1
-1203 (base 5) to base 8
-262
1 (base 14) to base 11
1
What is -5 (base 8) in base 4?
-11
-230 (base 7) to base 8
-167
Convert -452 (base 7) to base 16.
-e9
0 (base 9) to base 16
0
Convert -8 (base 12) to base 5.
-13
-3 (base 13) to base 16
-3
Convert f (base 16) to base 12.
13
4 (base 11) to base 10
4
What is -164 (base 8) in base 10?
-116
Convert 246 (base 7) to base 15.
8c
What is -203 (base 4) in base 10?
-35
e (base 15) to base 3
112
10 (base 5) to base 12
5
Convert 74 (base 8) to base 2.
111100
Convert a (base 14) to base 9.
11
Convert 1211 (base 4) to base 2.
1100101
0 (base 13) to base 6
0
What is 1 (base 10) in base 16?
1
Convert -8 (base 14) to base 4.
-20
-4 (base 12) to base 10
-4
Convert -10 (base 6) to base 12.
-6
What is -38 (base 9) in base 5?
-120
-e (base 15) to base 13
-11
-251 (base 7) to base 3
-11222
-23 (base 4) to base 3
-102
What is -a (base 14) in base 16?
-a
What is -122 (base 4) in base 9?
-28
Convert 0 (base 14) to base 6.
0
Convert 3 (base 13) to base 2.
11
What is -2 (base 15) in base 8?
-2
2 (base 7) to base 16
2
What is -110002 (base 3) in base 10?
-326
Convert -1011001 (base 2) to base 8.
-131
-1 (base 4) to base 2
-1
-1 (base 3) to base 4
-1
-3 (base 12) to base 6
-3
14 (base 8) to base 9
13
Convert 10 (base 5) to base 14.
5
Convert 5 (base 15) to base 6.
5
1 (base 8) to base 9
1
-2 (base 3) to base 6
-2
144 (base 9) to base 7
232
-8 (base 14) to base 7
-11
Convert -2 (base 8) to base 16.
-2
What is 4 (base 16) in base 2?
100
Convert 3e (base 16) to base 5.
222
-7 (base 16) to base 5
-12
Convert -3 (base 8) to base 12.
-3
Convert -122 (base 4) to base 13.
-20
101 (base 3) to base 5
20
-203 (base 6) to base 5
-300
Convert 10101 (base 2) to base 12.
19
What is -3 (base 4) in base 5?
-3
Convert 12 (base 10) to base 13.
c
What is 186 (base 9) in base 14?
b5
What is 3 (base 6) in base 9?
3
What is 3 (base 10) in base 12?
3
36 (base 10) to base 6
100
What is 4 (base 6) in base 10?
4
-2 (base 16) to base 7
-2
What is 0 (base 16) in base 14?
0
What is 144 (base 12) in base 3?
21021
-7 (base 13) to base 15
-7
-16 (base 16) to base 7
-31
Convert -11011101 (base 2) to base 10.
-221
3 (base 7) to base 11
3
What is 42 (base 7) in base 2?
11110
52 (base 7) to base 11
34
What is -434 (base 9) in base 10?
-355
Convert -216 (base 11) to base 2.
-100000011
What is -13 (base 9) in base 5?
-22
-12 (base 4) to base 15
-6
What is 1 (base 4) in base 3?
1
Convert 14 (base 13) to base 16.
11
1 (base 7) to base 10
1
What is 2 (base 9) in base 8?
2
What is -1 (base 11) in base 5?
-1
-10 (base 16) to base 5
-31
-6 (base 11) to base 5
-11
Convert 1200 (base 4) to base 14.
6c
What is -12 (base 13) in base 12?
-13
What is -10 (base 11) in base 3?
-102
What is d (base 15) in base 7?
16
What is 122 (base 4) in base 13?
20
0 (base 8) to base 9
0
Convert 11a (base 12) to base 11.
141
Convert 77 (base 16) to base 7.
230
-12 (base 5) to base 3
-21
Convert -4 (base 12) to base 14.
-4
What is -3 (base 11) in base 16?
-3
What is 10 (base 2) in base 8?
2
Convert -121 (base 7) to base 12.
-54
Convert 101 (base 2) to base 16.
5
Convert -13 (base 5) to base 6.
-12
Convert -15 (base 6) to base 12.
-b
Convert 222 (base 3) to base 4.
122
What is -2 (base 6) in base 5?
-2
-36 (base 16) to base 7
-105
44 (base 8) to base 10
36
Convert c (base 16) to base 6.
20
1021 (base 4) to base 5
243
13 (base 9) to base 7
15
Convert 4d (base 14) to base 12.
59
205 (base 8) to base 6
341
-100011 (base 2) to base 3
-1022
Convert -3 (base 9) to base 7.
-3
-18 (base 10) to base 8
-22
What is 59 (base 13) in base 2?
1001010
What is -363 (base 8) in base 11?
-201
Convert 1 (base 8) to base 4.
1
Convert -21 (base 4) to base 6.
-13
-1 (base 6) to base 13
-1
101000 (base 2) to base 13
31
What is 12 (base 11) in base 4?
31
What is -7 (base 12) in base 11?
-7
Convert -9a (base 15) to base 6.
-401
Convert -111111 (base 3) to base 2.
-101101100
Convert -34 (base 14) to base 13.
-37
What is 21 (base 14) in base 7?
41
Convert -18 (base 14) to base 3.
-211
210 (base 4) to base 16
24
Convert -10 (base 8) to base 6.
-12
7e (base 15) to base 13
92
What is 2 (base 5) in base 9?
2
What is 0 (base 10) in base 2?
0
Convert 1 (base 7) to base 6.
1
-1300 (base 5) to base 8
-310
What is -21 (base 9) in base 2?
-10011
Convert -5 (base 13) to base 11.
-5
Convert -1 (base 3) to base 15.
-1
Convert 11 (base 6) to base 7.
10
Convert 22100 (base 3) to base 10.
225
What is -10110111 (base 2) in base 15?
-c3
What is 2 (base 7) in base 11?
2
What is -1 (base 14) in base 2?
-1
1 (base 13) to base 4
1
Convert 0 (base 4) to base 9.
0
Convert -3 (base 6) to base 10.
-3
What is -3311 (base 4) in base 11?
-203
Convert 0 (base 15) to base 11.
0
What is 1 (base 7) in base 8?
1
Convert -115 (base 8) to base 4.
-1031
Convert 4 (base 13) to base 12.
4
185 (base 9) to base 6
422
What is -6 (base 7) in base 8?
-6
What is -16 (base 13) in base 7?
-25
9 (base 13) to base 2
1001
What is 0 (base 4) in base 3?
0
Convert 8 (base 11) to base 6.
12
Convert -203 (base 4) to base 11.
-32
0 (base 9) to base 14
0
Convert -1311 (base 5) to base 15.
-db
Convert 33 (base 7) to base 11.
22
Convert 2b (base 12) to base 7.
50
Convert -8 (base 15) to base 16.
-8
Convert 45 (base 15) to base 5.
230
121 